on factor of 18 and n.
6
Let t be ((-8)/(-18))/((-8)/(-36)). Let p be 12/2 + (1 - 2). Suppose -i + 372 = t*i - 4*n, -i - p*n = -143. Calculate the greatest common factor of 16 and i.
16
Suppose -2*a + a = -56. Calculate the highest common divisor of a and 8.
8
Let o = -62 + 113. What is the highest common divisor of o and 34?
17
Suppose -3*a + 4 = -2. Let z = -8 + 12. Suppose -a*l = 0, -660 = -z*b + 2*l + l. What is the highest common factor of 15 and b?
15
Let t(c) = -c**2 + 9*c - 4. Suppose -6*z + z = -30. Let b be t(z). What is the greatest common factor of 14 and b?
14
Suppose 14 = 3*c - 34. Let q(f) = -f**3 + 9*f**2 + 6*f - 6. Let z be q(9). What is the highest common factor of c and z?
16
Suppose 0 = 4*h - 96 + 8. What is the highest common factor of 110 and h?
22
Suppose -b - b = 0. Suppose 0 = 2*a + 2*g - 28, 0 = a - b*g + 4*g - 2. Let z = a - -4. Calculate the highest common factor of 33 and z.
11
Suppose -12 = -3*q, 2*b + 4*q = -q + 40. Calculate the highest common factor of b and 4.
2
Suppose 219 + 837 = 8*o. Calculate the greatest common divisor of 12 and o.
12
Let t(o) = 0*o**2 + 2 - o**3 + 5*o**2 + 7*o**2. Let q be t(12). Suppose 10 = q*m - 160. What is the greatest common factor of m and 34?
17
Let l be (48/(-1))/3*-12. What is the greatest common factor of 12 and l?
12
Let b = -7 + 31. Let i = b - 12. Calculate the greatest common divisor of i and 108.
12
Let c(o) = -48*o + 3. Let b be c(-2). What is the highest common divisor of 9 and b?
9
Let n be (-882)/(-45) + (-4)/(-10). Let k be 1 + (-2 - (1 - 2)). Suppose k*h + 40 = 5*h. Calculate the greatest common factor of n and h.
4
Suppose -5*f = -f + 5*u - 27, -3*f + 5*u - 6 = 0. Suppose 12 = f*t + t. Calculate the highest common factor of t and 27.
3
Suppose -5*p - 6 = -4*p. Let l(g) = -g. Let i be l(p). Calculate the highest common divisor of i and 12.
6
Let g(d) = 5*d**2. Let l be (1 - (4 + 0)) + 5. Let q be g(l). What is the greatest common divisor of 8 and q?
4
Suppose 5*j - 22 - 17 = -3*s, -9 = -3*j. Let v be s/(-2)*(-18)/8. What is the greatest common divisor of v and 6?
3
Let b(y) = -5*y + 0*y + 3*y - 3 - 1. Let w be b(-7). Calculate the highest common factor of 30 and w.
10
Let n = 937 - 596. What is the greatest common factor of n and 31?
31
Let z(i) = -i**2 - 2*i - 1. Let p be z(-3). Let o = p + 54. Suppose -2*v + o = 3*v. What is the highest common factor of v and 15?
5
Let y be 11*(-2 + 0 - -3). Let o be (1 - (0 - -64))*-1. Suppose 0 = -s - o + 184. What is the highest common factor of y and s?
11
Suppose 0 + 8 = 4*h. Let d(m) = -4*m - 6. Let j be d(-2). What is the highest common divisor of j and h?
2
Let m(a) = a**3 + 4*a**2 - 2*a. Let z be m(-4). Let r = z + -6. Calculate the greatest common divisor of r and 10.
2
Suppose 7 = 4*f - 3*f. Let t be (-174)/(-10) + (-4)/10. Let r = t + -10. What is the greatest common divisor of r and f?
7
Let s = 2 + -4. Let r be (-1 - s) + 3 + -2. Let p = 2 + r. Calculate the greatest common divisor of p and 1.
1
Let i(t) = 5*t**3 + 3*t**2 - 1. Let j be i(-2). Let f = j + 41. Let o be 8/(-3)*f/(-8). Calculate the highest common divisor of o and 44.
4
Let k = -1 - -2. Let w(z) = 2*z**3. Let q be w(k). Suppose -17 = -3*x - q. Calculate the greatest common divisor of 1 and x.
1
Let y(x) = -x**2 - 5*x + 6. Let r be y(-6). Suppose 3*p + 14 - 2 = r. Let v be ((-1)/1)/(p/180). What is the greatest common factor of 9 and v?
9
Suppose -25 = -5*p - 0*a + 3*a, -p = 3*a + 13. Suppose 0 = -0*l + l. Suppose 2*w = -l*w + p. Calculate the highest common factor of 3 and w.
1
Let a(j) = j. Let q be a(-3). Let u(p) = -2*p**3 - 3*p**2 - 4*p - 4. Let l be u(q). Suppose 0*k - 5*k = -l. Calculate the greatest common factor of k and 63.
7
Let f = -43 - -50. What is the highest common divisor of f and 21?
7
Suppose n + 4*n = 450. Suppose y = -3*y - 4. Let v be 4*3 - (3 + y). Calculate the highest common factor of n and v.
10
Suppose 0 = 10*f - 5*f - 100. Calculate the greatest common divisor of 20 and f.
20
Let v be ((-1)/3)/((-4)/228). Suppose -3*j + 2*j + 4*d = 21, -5*j + 3*d = 37. Let k = v + j. What is the greatest common divisor of 56 and k?
14
Suppose s = 5*r + 187, 3*s - 3*r - 561 = -0*s. What is the highest common divisor of 17 and s?
17
Let o = -27 - -82. What is the highest common divisor of o and 22?
11
Let z = -75 + 82. Calculate the greatest common divisor of 28 and z.
7
Suppose 4*b + 8*b - 4704 = 0. What is the highest common divisor of 49 and b?
49
Let t = 8 - 13. Let y(i) = -i**2 - 8*i - 5. Let p be y(t). Calculate the highest common factor of p and 2.
2
Suppose -7*q = 196 - 1274. Calculate the highest common divisor of q and 14.
14
Suppose -d = -3*d + 54. Suppose 0*l + 14*l - 42 = 0. What is the greatest common factor of l and d?
3
Let x be (6/4)/((-1)/(-48)). Suppose 4*i - 4*c - 13 = -1, -5 = 5*c. Suppose 3 + 13 = i*n. Calculate the greatest common factor of n and x.
8
Suppose 18 = -0*k + k. Calculate the highest common factor of k and 27.
9
Let z = -4 - -12. Suppose 0 = 5*m - p - 115, -5*m + 3*p + 152 = 47. Calculate the greatest common factor of z and m.
8
Let k = 6 - 1. Suppose 0 = -3*n - 0 + 6. Calculate the greatest common factor of k and n.
1
Let c be (0 + -1)/(1/(-17)). What is the greatest common divisor of 17 and c?
17
Let p = -5 - 1. Let z = p + 10. Suppose -2*j = 4 + 6, -5*g + 5*j = -45. What is the highest common divisor of z and g?
4
Let t(v) = -v**3 - 3*v**2 - 3*v - 1. Let k be t(-3). Let s = -30 + 58. Let p be 8/s - (-12)/7. Calculate the highest common divisor of p and k.
2
Let w(f) = 3*f - 2. Let v be w(1). What is the highest common factor of 4 and v?
1
Let i(q) = 2*q**2 - 6*q - 4. Let f be ((-4)/3)/(7/21). Let h be i(f). What is the highest common factor of 26 and h?
26
Let j be 0 + 1 + 0 - -19. Let x(s) = -s**2 + 6*s + 10. Let g be x(10). Let q = 20 - g. Calculate the highest common factor of q and j.
10
Let l be (-12)/(-18) + 106/3. What is the greatest common factor of l and 54?
18
Let u = -4 - -8. Suppose -3*p - 16 = -4*o, -7 - 9 = -u*o + 2*p. Let n be 2 + 2 + -1 + 1. What is the highest common divisor of o and n?
4
Let t be (-24)/18*42/(-4). Calculate the greatest common divisor of t and 2.
2
Suppose 2*j + 5*g = 28 + 25, 4*j = -2*g + 82. Calculate the highest common factor of j and 171.
19
Let f be 10/(-15)*(-10 + 1). Let b = 37 - 22. Calculate the highest common factor of b and f.
3
Let j be ((-2)/(-6) - (-4)/6) + 53. Calculate the highest common factor of j and 27.
27
Let h(z) = -z + 9. Let p be h(-6). Let c = -14 + p. Calculate the greatest common divisor of 3 and c.
1
Let u(h) = 2*h**2 - 5*h - 7. Let r be u(-7). Suppose -g = g - r. Suppose -2*i + 19 = 1. What is the highest common divisor of g and i?
9
Suppose -3*y + 38 = -4*g, -2*y = 3*y - 3*g - 45. What is the highest common factor of 2 and y?
2
Let s = 112 + -32. What is the greatest common factor of 40 and s?
40
Suppose 114 = -5*a + 364. What is the greatest common factor of a and 10?
10
Suppose -2*p - 38 = 4*n, -4*n - 12 = 8. Let a = 5 - 9. Let j = a - p. Calculate the highest common divisor of 5 and j.
5
Let h be (-1)/5 + 4/(-5). Let t(s) = -91*s**3 + 2*s + 1. Let v be t(h). Calculate the highest common factor of v and 10.
10
Suppose -2*l = -l - 3. Let t = l - 4. Let m be -4*3/(-6) - t. What is the greatest common factor of 27 and m?
3
Suppose 5*p = 85 - 15. Let c(m) = -m**3 - 14*m**2 + 16*m + 17. Let o be c(-15). What is the highest common factor of o and p?
2
Suppose -2*u + j + 4*j + 276 = 0, -4*u = -j - 534. Suppose -5*p - u = -23. Let s = 40 + p. Calculate the greatest common factor of s and 45.
9
Suppose -2*g + 88 + 60 = 0. Suppose -4*b - g = -394. Calculate the greatest common factor of 10 and b.
10
Suppose -5*d + a + 5 = 0, -5*d - a = -d - 4. Let w = 35 - 16. Suppose -w = -j + d. Calculate the greatest common factor of 5 and j.
5
Suppose 3*a = -2*a - 4*l + 1023, 4*l - 816 = -4*a. Let t = 44 - 21. What is the highest common factor of a and t?
23
Suppose -i - 2*q = i - 20, i = q. Calculate the highest common divisor of 20 and i.
5
Let a = -7 + 18. Suppose -z = -a - 34. Calculate the highest common divisor of 9 and z.
9
Let h be ((-246)/(-4) - 1)*2. Let j = -20 + 31. What is the greatest common factor of h and j?
11
Suppose -12*q = -16*q + 64. What 